(-25))/((-3)/(-15)).
2, 3
Let j be 199 - 0 - (-5 - -7). Suppose 5*o + a = -j, -4*o - a - 166 = 4*a. Let n = -27 - o. List the prime factors of n.
2, 3
List the prime factors of 1*((3/3)/(-1) + 15).
2, 7
Let s(q) = -q**2 + 30. Let y(o) = -o**2 + 2*o + 3. Let u be y(3). List the prime factors of s(u).
2, 3, 5
Suppose -b + 333 = 4*b - 4*k, -5*b + 336 = -3*k. List the prime factors of b.
3, 23
Suppose z - d = 6, -3*d + 7*d - 4 = 0. Suppose -k = 3*k + 5*b - z, 3*b = -k - 7. List the prime factors of k.
2
Suppose 2*l + z - 61 = 7, 0 = 3*l + 5*z - 116. List the prime factors of l.
2
Let k be 2/(-9) - (-708)/27. Let y be (k/(-6) + 2)*6. List the prime factors of (-158)/y + (-8)/28.
11
Suppose 15 + 15 = h. List the prime factors of h.
2, 3, 5
Let o(y) = 2*y**2 + 3*y - 2. Let t(c) = c**3 - c**2 - 5*c + 3. Let q be t(3). Suppose 6 = -4*l - q. What are the prime factors of o(l)?
7
Let f(d) = 13*d**2 + d - 2. Let a be f(-2). Let u = -34 + a. Suppose -4*t = -u - 10. What are the prime factors of t?
2, 3
List the prime factors of (-79)/(-3) - 16/(-24).
3
Let a = 123 + 92. Suppose 3*u = o + a - 72, -53 = -u + 3*o. What are the prime factors of u?
47
List the prime factors of (-101)/(-1) + 5/(3 + 2).
2, 3, 17
Let m = 2 - -4. List the prime factors of 9/m*(-28)/(-6).
7
Let k be ((-3)/6 + -2)*-2. Let o(l) = l**3 - 4*l**2 - 4*l + 6. List the prime factors of o(k).
11
Suppose l - 80 = 5*l. Let d be 8/l - 4/(-10). Suppose 2*p + 1 - 5 = d. What are the prime factors of p?
2
Suppose -4*v + 85 = -5*h, 5*v + 79 = -3*h - 9. Let z(l) = -5*l + 6. Let b be z(7). Let j = h - b. What are the prime factors of j?
2
Let y = 23 - 0. Suppose -3*q - 11 = j + 3*j, -y = -3*j + 4*q. What are the prime factors of j/4 + 71/4?
2, 3
Let b(w) be the third derivative of 3*w**4/8 + 2*w**3/3 - 4*w**2. Let r(k) = -k. Let l(a) = -3*b(a) - 24*r(a). What are the prime factors of l(-9)?
3, 5
Let v = 23 + -10. Let f = -11 + v. What are the prime factors of f?
2
Suppose 11 = 5*s - 9. List the prime factors of s.
2
What are the prime factors of ((-274)/3)/(2/(-6)*1)?
2, 137
Let x(i) = -9*i + 21. List the prime factors of x(-9).
2, 3, 17
Suppose 0 = -2*k + 10, -p - 5*k = 2*p - 463. List the prime factors of p.
2, 73
Let h(k) = k + 4. Let d be h(-4). Suppose d = 3*m - m. Suppose 5*w - 4*i - 51 = -2*i, 4*w - 4*i - 48 = m. What are the prime factors of w?
3
Let i(g) = -4*g - 5. Let k be i(-4). Suppose 3*f + 5*s - 51 = k, 0 = 5*f + 5*s - 90. List the prime factors of f.
2, 7
Suppose 687 = 4*r + k, -2*r - k + 4*k + 333 = 0. List the prime factors of r.
3, 19
Suppose -2*h = -4*h. Suppose -2*w + 7*w = h. Suppose -m - 3*b + 18 = w, -8*m = -3*m + b - 48. What are the prime factors of m?
3
Suppose -p = -2*p + u + 8, -3*p = 5*u + 8. Suppose -o + 44 = p*f, -4*f + 2*f + 22 = o. Suppose 5*x - f = 19. List the prime factors of x.
2, 3
Let l(r) be the third derivative of -23*r**4/24 + r**3/6 + 2*r**2. What are the prime factors of l(-1)?
2, 3
Let p(z) = z**2 + z - 3. Let a = 3 - -3. Let t = 2 - a. List the prime factors of p(t).
3
Suppose -3*g = -0 - 6. Let b(y) = -y**2 - 4*y + 3. Let p be b(-5). List the prime factors of 2/p - (g - 12).
3
Let t = -337 - -499. What are the prime factors of t?
2, 3
Suppose 284 = 3*f + r, 4*f - 280 = f - 2*r. What are the prime factors of f?
2, 3
Let x(p) = p**2 - 10*p + 5. Let v be x(10). Let y = 8 - v. Suppose -y*m - 5*i = -48, 4*m - 98 = 4*i - 34. List the prime factors of m.
2
Suppose -6*n = -n - 85. What are the prime factors of n?
17
Let g(n) be the third derivative of n**4/8 + n**3/3 + n**2. Let j be g(7). Suppose -j = -2*v + 9. List the prime factors of v.
2
Let x(p) = p - 2. Let l be x(2). Suppose d - 4 - 6 = l. What are the prime factors of d?
2, 5
List the prime factors of -3 + 209 - (-3 + 6).
7, 29
List the prime factors of 3/(-1)*230/(-30).
23
Let g(s) be the second derivative of s**4/12 + s**3/6 - s**2/2 - s. What are the prime factors of g(2)?
5
Let f(h) = -9*h - h + 12*h + 24*h**2 + 1. What are the prime factors of f(-1)?
23
Suppose -8*g = -838 + 166. List the prime factors of g.
2, 3, 7
Let g(k) = -k**2 + 11*k + 1. List the prime factors of g(7).
29
Let u(d) = -d**3 - 4*d**2 + 3*d - 7. Let r be u(-5). Suppose -48 = -5*b - n, r*b = -b + 5*n + 50. List the prime factors of 5/(b/9)*2.
3
Let d = 6 - 4. Suppose -4*b - k = -12, 2*b + 5*k - 8 = -d. Suppose 20 = 3*s - 2*f, -5*f - b = 4*s + 1. What are the prime factors of s?
2
Let f(c) = c**3 + 10*c**2 - 3. Suppose 0 = -5*s - k - 51, s + 6 = -2*k - 6. Let z be f(s). What are the prime factors of (7/(-3))/(1/z)?
7
Suppose -4*l - 262 = -6*l. List the prime factors of l.
131
Let l be -1*(2 - (-3 - -3)). List the prime factors of ((-4)/(-12))/(l/(-78)).
13
Let s(p) = 6*p**3 + 2*p**2 + 2*p + 1. Let z be s(-1). Let i(l) = -l**3 - 6*l**2 - 7*l - 1. List the prime factors of i(z).
3
Let v = 148 - 60. List the prime factors of (v/10)/(5/25).
2, 11
Let n(l) be the second derivative of l**5/20 + 5*l**4/12 + l**3/3 + 2*l**2 + l. What are the prime factors of n(-4)?
2, 3
Suppose -3*c - 20 = -5*c. Let f be ((-4)/(-10))/(2/c). Suppose 0*a - f*a + 4 = 0. List the prime factors of a.
2
Let z(v) = -v**3 - 4*v**2 + 5*v + 2. Let p be z(-5). Suppose n - 16 = -p*y, -4*y - 24 = -2*n - 3*n. What are the prime factors of n?
2
Suppose n - 7 + 23 = 2*j, 7 = 3*n + 5*j. List the prime factors of (22/n)/(2/(-12)).
2, 11
Suppose 8*u - 4*u = 3*x - 186, 3*u = 0. List the prime factors of x.
2, 31
Suppose 9 = g - 11. List the prime factors of g.
2, 5
Suppose 5*t - 25 = 95. Suppose -s = -b - 6, -4*s - s - b = -t. List the prime factors of s.
5
Suppose n = l + 35, -9*n = -4*n + 5*l - 165. What are the prime factors of n?
2, 17
What are the prime factors of 1/(-28)*-7 - (-1606)/8?
3, 67
Let w be 2 + 18 + -2 - 1. Suppose -5 = 3*i - w. What are the prime factors of i?
2
Let v(h) = -h + 2. Let m be v(-5). Let i(a) = 2*a**2 - 5*a + 4. Let r be i(2). List the prime factors of (-7)/r*(-20)/m.
2, 5
Let n be (7 - 2)/((-4)/16). Let c = -6 - n. List the prime factors of c.
2, 7
Let i be -12*(3 - (-6)/(-3)). What are the prime factors of 274/10 - i/20?
2, 7
Let p(b) = b**2 - 3. What are the prime factors of p(6)?
3, 11
Let u = 14 + -14. Suppose -3*z + u + 24 = h, 5*h - 3*z - 210 = 0. List the prime factors of h.
3, 13
Let n(w) = -w**3 - 3*w**2 - 2*w - 3. Let a be n(-3). Let z = -7 + 12. Suppose 0 = -4*l + 5*i + 34, 0 = 5*l + a*i - z*i - 34. List the prime factors of l.
2, 3
Suppose -4*g + 2*i - 2 = 0, -4*i + 0*i = 5*g - 30. Suppose -g*u = -4*u + 36. What are the prime factors of u?
2, 3
Suppose -u + 4*u - 36 = 0. Let g = u - 6. What are the prime factors of g?
2, 3
Let l be (0 - 1) + -3 + 6. Suppose -l*t - 18 = 34. Let f = -18 - t. List the prime factors of f.
2
Let b = -66 - -130. What are the prime factors of b?
2
Let m = -10 + 56. List the prime factors of m.
2, 23
Let q be 46/10 - (-2)/5. Suppose -q*z = -0*z. Suppose -x + z*x - 4*v = -15, -2*x = 4*v - 26. What are the prime factors of x?
11
Let d(m) = -4*m**3 + 5*m**2 - 2*m + 3. Let o(w) = w**3 - w. Let h(g) = d(g) + 3*o(g). What are the prime factors of h(3)?
2, 3
Let c = 20 + 16. What are the prime factors of c?
2, 3
Let r be (-4)/18 - (-336)/54. What are the prime factors of (r/4)/((-2)/(-36))?
3
Let w(n) = n**3 + n + 29. Let a(b) = b - 3. Let q be a(3). What are the prime factors of w(q)?
29
Let m(r) = -r. Let q be m(5). Let h(v) = -v - 3. Let k be h(q). Suppose k*t + 2*t = 16. List the prime factors of t.
2
Suppose 4*r = 4*j + 2 - 18, j = 3*r. Suppose 0*q = -3*q + j. Suppose 0 = -q*l + 4*l - 10. What are the prime factors of l?
5
Let b = -197 - -436. What are the prime factors of b?
239
Let z(y) = y**3 + 6*y**2 + 4*y - 4. Let o be z(-5). List the prime factors of 0 + o + (3 - -7).
11
Let t = 21 - 12. Suppose -t = 5*a - 89. What are the prime factors of a?
2
Let j = -34 + 60. List the prime factors of j.
2, 13
Let z(k) = -26*k - 1. Let g be z(-1). Suppose x + 4*d = -6 + 23, 3*x - g = d. What are the prime factors of x?
3
Let v(t) = -t**3 - 5*t**2 - 5*t - 2. Let y be v(-4). Suppose 0 = y*w - 0*w - 8. List the prime factors of w.
2
Suppose 0 = 7*r - 6*r. Suppose -m - 4*n = 3, -n = 5*m - r*n - 80. List the prime factors of m.
17
Let c(g) = 7*g. Let d(h) = -h**3 + 2*h**2 + 1. Suppose 11 = 2*i + 4*p - 1, 4*i - p - 